) = -8*x**2 + 257*x - 1546. Give o(8).
-2
Let m(u) = -10*u**2 + 137*u - 618. Give m(7).
-149
Let v(s) = 103*s**2 - 1126*s + 74. What is v(11)?
151
Let j(q) = q**2 + 2968*q + 983434. Determine j(-380).
-6
Let l(u) = 93*u + 8675. What is l(-94)?
-67
Let p(a) = 1947*a - 6178. Determine p(3).
-337
Let b(k) = 7224*k + 64985. What is b(-9)?
-31
Let f(x) = 6721*x + 13444. Determine f(-2).
2
Let c(g) = -g**3 - 13*g**2 + 24*g + 707. Determine c(-10).
167
Let z(k) = 247*k**2 - 13927*k - 30. Give z(56).
-5350
Let a(x) = x**2 + 179*x + 5291. Determine a(-147).
587
Let j(a) = -17791*a + 21064553. What is j(1184)?
9
Let f(w) = 734*w + 2689. Calculate f(-6).
-1715
Let r(o) = 3229*o - 19279. Calculate r(6).
95
Let u(q) = -q**3 - 13*q**2 - 45*q - 232. Determine u(-10).
-82
Let a(r) = r**2 + 208*r + 6761. What is a(-170)?
301
Let x(g) = 458476*g + 6418652. Determine x(-14).
-12
Let d(o) = 26*o**2 + 1372*o + 15154. Determine d(-37).
-16
Let t(r) = 2*r**3 - 22*r**2 - 1524*r + 23219. Calculate t(19).
39
Let v(n) = n**3 - 43*n**2 + 494*n - 712. Give v(19).
10
Let s(b) = -2*b**3 - 105*b**2 - 20*b + 1681. Determine s(-52).
17
Let h(a) = -2778*a - 36063. Determine h(-13).
51
Let v(g) = -2155*g + 424572. Calculate v(197).
37
Let t(p) = -482*p**2 - 4*p - 316. Determine t(0).
-316
Let n(u) = 1113*u + 581056. Calculate n(-522).
70
Let q(r) = -12985*r - 2077604. Calculate q(-160).
-4
Let u(t) = -21231*t + 148640. Give u(7).
23
Let i(o) = 140*o**2 - 104449*o + 6647. What is i(746)?
-67
Let a(b) = -5*b**3 - 20*b**2 - 321*b + 1196. What is a(3)?
-82
Let n(o) = 2*o**3 + 133*o**2 + 597*o + 2630. What is n(-62)?
212
Let i(a) = -a**2 - 2*a + 175. What is i(-19)?
-148
Let b(v) = -v**3 + 79*v**2 + 419*v + 98. Calculate b(84).
14
Let f(n) = 379*n**2 - 36390*n + 570. Give f(96).
-6
Let p(c) = -c**3 - 1139*c**2 - 95330*c + 39817. Determine p(-1048).
-7
Let o(k) = -11*k**3 + 2024*k**2 - 7*k + 1310. What is o(184)?
22
Let c(h) = 71*h**3 + 399*h**2 - 797*h - 2. Give c(2).
568
Let o(x) = 36*x**3 - 1569*x**2 + 1051*x - 6361. Give o(43).
3
Let g(t) = 2568*t + 12394. Give g(-5).
-446
Let s(i) = 12*i**2 - 177*i + 1904. Give s(8).
1256
Let b(p) = 6*p**3 - p**2 - 25*p - 67. What is b(-3)?
-163
Let a(s) = 6*s**2 + 78*s - 532. Determine a(5).
8
Let n(c) = -60442*c + 1692323. Determine n(28).
-53
Let d(c) = 284*c + 28602. Determine d(-95).
1622
Let n(t) = -134883*t**2 - 1483713*t + 8. Determine n(-11).
8
Let f(w) = 197477*w - 3949541. Calculate f(20).
-1
Let v(l) = -2*l**3 - l**2 - 24*l - 271. Determine v(-11).
2534
Let f(d) = -2376*d + 16780. Give f(7).
148
Let f(o) = 94*o**3 + 23*o**2 - 13*o + 5. Determine f(0).
5
Let z(l) = 8*l**2 - 68*l - 948. Calculate z(16).
12
Let g(h) = 2*h**2 + 5924*h - 77347. Give g(13).
3
Let b(k) = -88*k**3 - 14168*k**2 + 3*k + 497. Determine b(-161).
14
Let o(m) = -20*m**3 + 258*m**2 + 161*m - 1763. Determine o(13).
-8
Let u(h) = 19276*h - 19228. What is u(1)?
48
Let f(v) = -1018*v + 1271. Give f(1).
253
Let x(o) = 24*o**2 - 423*o + 4. Calculate x(19).
631
Let u(o) = -2*o**3 - 18*o**2 - 1065*o - 7253. Calculate u(-7).
6
Let c(n) = -495*n + 34458. Give c(70).
-192
Let x(c) = -30*c**2 + 2004*c + 15954. Give x(74).
-30
Let g(u) = -1561*u**3 - 29658*u**2 - 249*u - 5093. Determine g(-19).
-1
Let b(n) = -2*n**2 + 195*n - 2467. Give b(15).
8
Let d(h) = 2*h**3 + 34*h**2 - 547*h - 355. What is d(-27)?
-166
Let w(m) = -8220*m - 24656. Calculate w(-3).
4
Let s(u) = 2729*u - 21729. Determine s(8).
103
Let v(d) = -23*d - 470. Calculate v(39).
-1367
Let u(j) = j**3 - 107*j**2 + 2587*j + 2421. What is u(69)?
6
Let g(r) = -21*r**2 + 645*r + 876. Determine g(32).
12
Let h(x) = -x**3 - 64*x**2 - 145*x - 76. Calculate h(-61).
-2394
Let v(p) = 2*p**3 - 24*p**2 - 74*p + 405. Calculate v(3).
21
Let h(l) = 1189*l - 30971. Give h(26).
-57
Let v(d) = 178*d**3 - d**2 - 75*d - 76. Calculate v(-1).
-180
Let t(c) = 1844*c**2 + 448085*c - 1690. Determine t(-243).
11
Let d(b) = 7*b**2 - 40086*b + 80174. Determine d(2).
30
Let c(j) = 10*j**3 + 419*j**2 - 43*j - 382. What is c(-42)?
-340
Let l(f) = f**3 + 42*f**2 + 332*f - 515. What is l(-31)?
-236
Let k(x) = 15700*x - 282609. Give k(18).
-9
Let t(g) = -8*g**2 + 7989*g + 174423. Determine t(1020).
3
Let y(f) = 8659*f - 4130158. What is y(477)?
185
Let h(l) = l**3 + 77*l**2 - 354*l - 2448. Calculate h(-81).
-18
Let o(t) = t**3 + 12*t**2 - 322*t + 41. Calculate o(13).
80
Let r(v) = -36*v**2 + 20509*v + 6208. Calculate r(570).
-62
Let l(r) = -4*r**3 + 22*r**2 - 64*r + 418. Determine l(9).
-1292
Let w(x) = 2*x**2 + 1585*x - 11185. Calculate w(7).
8
Let b(f) = 1640*f + 688817. Give b(-420).
17
Let d(f) = 26*f**3 + 136*f**2 + 14*f + 4. What is d(-5)?
84
Let k(h) = 7*h**3 + h**2 + 329*h + 1539. Calculate k(-5).
-956
Let g(m) = 21*m**2 + 7*m + 43. What is g(-15)?
4663
Let w(h) = -h**3 - 246*h**2 + 365*h + 149085. Calculate w(-245).
-365
Let w(z) = -73800*z + 517029. Determine w(7).
429
Let f(m) = 969*m + 77553. Calculate f(-80).
33
Let u(s) = 998*s + 10885. What is u(-11)?
-93
Let n(q) = q**3 - 133*q**2 + 3364*q + 28429. Calculate n(94).
41
Let r(a) = -5*a**2 - 7599*a - 135159. Give r(-18).
3
Let i(a) = -836*a - 17224. Determine i(-21).
332
Let l(f) = -2507*f + 17493. Give l(7).
-56
Let c(v) = v**3 + 9*v**2 + 479*v + 3739. What is c(-8)?
-29
Let h(w) = 1999*w**2 + 105923*w - 1271. What is h(-53)?
1
Let y(x) = -942*x - 8592. Determine y(-8).
-1056
Let m(x) = 1813*x + 32586. Determine m(-18).
-48
Let f(a) = -a**2 - 5563*a - 105375. What is f(-19)?
-39
Let l(k) = 4*k**3 + 175*k**2 - 53*k - 197. Determine l(-44).
199
Let q(m) = 3*m**2 - 274*m - 386. What is q(97)?
1263
Let q(g) = -g**2 + 650*g + 2592. Determine q(-4).
-24
Let q(v) = -v**3 - 260*v**2 - 16761*v - 569. Determine q(-118).
21
Let r(b) = 5*b**2 + 1981*b - 9884. What is r(5)?
146
Let x(m) = 27813*m + 1585331. Calculate x(-57).
-10
Let s(n) = 2*n**3 + 323*n**2 - 2705*n - 56. Determine s(8).
0
Let c(i) = 22*i**2 - 811*i - 3398. What is c(41)?
333
Let d(c) = -c**2 - 34856*c + 1116422. What is d(32)?
6
Let i(z) = -3*z**2 - 28*z + 176. Calculate i(-12).
80
Let n(o) = -21*o**2 + 35*o + 43. What is n(-2)?
-111
Let z(x) = 2*x**3 + 98*x**2 + 70*x + 3490. Calculate z(-49).
60
Let w(j) = -j**3 - j**2 + 3298*j - 28893. What is w(9)?
-21
Let v(t) = -t**3 + 23*t**2 + 67*t + 117. Give v(27).
-990
Let v(u) = -1467*u - 26713. Determine v(-18).
-307
Let r(j) = -24*j**2 + 468*j - 201. Determine r(19).
27
Let d(s) = -43*s**2 - 334*s - 669. Determine d(-2).
-173
Let y(p) = 443*p**2 - 1327*p - 13. Give y(3).
-7
Let w(b) = 72*b**3 + 5*b**2 + 87*b - 278. Calculate w(3).
1972
Let s(d) = -2*d**2 - 1090*d + 6618. Calculate s(6).
6
Let x(u) = -11*u**3 - 4*u**2 - 276*u - 560. What is x(-2)?
64
Let a(d) = 24*d**2 + 1420*d + 116. Determine a(-59).
-120
Let w(d) = -5*d**3 - 53*d**2 - 1708*d + 3633. What is w(2)?
-35
Let r(x) = -x**2 + 1931*x + 254827. What is r(-124)?
7
Let u(y) = y**2 - 815*y + 4114. Calculate u(5).
64
Let f(g) = -g**2 - 9*g + 1979. Give f(0).
1979
Let b(s) = 1571*s + 7681. Give b(-6).
-1745
Let s(z) = 14822*z + 1082000. Calculate s(-73).
-6
Let w(l) = -18*l**2 - 18*l + 56. Calculate w(-6).
-484
Let c(d) = -d**2 + 1820*d - 65974. Give c(37).
-3
Let g(d) = 11316*d + 22320. Give g(-2).
-312
Let v(l) = -9143*l + 2331469. Determine v(255).
4
Let x(u) = u**3 + 31*u**2 - 125*u - 6715. What is x(-19)?
-8
Let k(d) = -4*d**3 + 7*d**2 - 1556*d + 7663. What is k(5)?
-442
Let i(q) = 486*q - 39907. What is i(82)?
-55
Let r(l) = -5*l**2 + 202*l + 6656. What is r(62)?
-40
Let d(f) = 2*f**3 - 36*f**2 + 31*f - 211. What is d(18)?
347
Let x(a) = -568*a**2 + 9*a + 3481. Give x(0).
3481
Let t(b) = -9*b**2 + 578*b - 86. Determine t(64).
42
Let o(f) = 6*f**2 + 159*f - 1151. Calculate o(7).
256
Let j(a) = 49*a**2 + 50*a - 191. Determine j(5).
1284
Let f(y) = -4818*y - 187728. Determine f(-39).
174
Let q(y) = 44*y**2 + y + 72. Determine q(-3).
465
Let y(d) = -1220*d + 62410. What is y(51)?
190
Let q(t) = 191*t**2 - 1750*t + 280. Determine q(9).
1
Let f(j) = -13870*j + 41623. What is f(3)?
13
Let k(w) = 308*w**2 - 3940*w - 837. Determine k(13).
-5
Let c(u) = 4*u**3 - u**2 + 28803*u + 57606. Determine c(-2).
-36
Let n(v) = 26*v**3 + 94*v**2 - 328*v + 266. Determine n(-6).
2
Let s(h) = h**2 + 1861*h - 39547. Calculate s(21).
-25
Let p(f)